d + 1 = -1. Calculate the remainder when 27 is divided by h(d).
13
Let z(m) = m**3 + 6*m**2 - 2*m - 6. Calculate the remainder when z(-6) is divided by 4.
2
Let w(i) = i**3 - 7*i**2 - 8*i + 4. Let v be w(8). Calculate the remainder when v/(-30) - (-428)/60 is divided by 4.
3
Suppose 4*o = g + 4*g + 147, -3*o + g = -102. Calculate the remainder when o is divided by 7.
5
Let a(l) = l**3 - l + 52. Suppose -5*j = -10*j - 80. Let p = j + 34. What is the remainder when a(0) is divided by p?
16
Let j = -2 - -3. Let h = -80 + 118. What is the remainder when h is divided by (6/15)/(j/25)?
8
Suppose -6 + 2 = -x. Suppose -100 = -x*h - 3*m, 0 = -0*h + 5*h - 4*m - 94. Calculate the remainder when h is divided by 6.
4
Suppose 5*v - 25 = 0, -5*f - 6 = -6*f + 3*v. Let m(s) = 3*s**2 + 3*s + 4. What is the remainder when m(3) is divided by f?
19
Suppose -8 = 5*t - 9*t. What is the remainder when (-1 + (-27)/(-12))*4 is divided by t?
1
Let c = 44 - 40. Suppose -3 = w - 0. Calculate the remainder when w*(-2 - 4/3) is divided by c.
2
Let x(a) = a**3 - 8*a**2 - 8*a - 1. Calculate the remainder when 31 is divided by x(9).
7
Let q(w) = -2*w**2 + 6*w - 1. Let m be q(5). What is the remainder when 1 - (m - (1 + 3)) is divided by 15?
11
Suppose 0 = -0*k - 3*k. Suppose k = -2*u + 3*u - 5. What is the remainder when u is divided by 2?
1
Let r = -13 - -6. Let b = r - -35. What is the remainder when b is divided by ((-60)/8)/((-1)/2)?
13
Suppose 4*k + 16 = 0, -4*k - 70 = -5*d + 21. What is the remainder when 74 is divided by d?
14
Let y = -49 + 64. What is the remainder when 71 is divided by y?
11
Suppose 0*t - 2*f - 116 = 3*t, -34 = t - 4*f. Let w = 22 + -12. What is the remainder when (-1 - t) + (-16)/(-8) is divided by w?
9
Let y be (-267)/21 + 4/(-14). Let x(q) = q + 15. Let i be x(y). Suppose -3*m + 5*a + 0*a + 23 = 0, a - i = 0. What is the remainder when 32 is divided by m?
10
Suppose -7*j - 40 = -11*j. Calculate the remainder when 59 is divided by j.
9
Let o(d) be the third derivative of 7*d**4/12 + d**3/2 + 5*d**2. Calculate the remainder when o(3) is divided by 12.
9
What is the remainder when 65 is divided by (1 + 0 - -2) + (-39 - -71)?
30
Let k = -18 + 19. What is the remainder when 4 is divided by k?
0
Let i(r) = -r**3 + 2*r**2 + r + 5. Let l be i(4). Let y = 28 + l. Calculate the remainder when 19 is divided by y.
4
Suppose -44 = -8*m + 6*m. Calculate the remainder when 107 is divided by m.
19
Let g(s) = -3*s**3 - 2*s**2 - 4*s - 3. Suppose 75 = 4*t - c, 3*t = -5*c + 3*c + 70. Suppose 53 - t = 3*u. What is the remainder when g(-2) is divided by u?
10
Suppose 4*g - 4 = 4*x, 0 = 3*g + 6*x - x - 11. Suppose r = 2*a + 5, 0 = 3*r + g*a - 5*a - 12. What is the remainder when 4 is divided by r?
1
Suppose 20 = -4*m + 8*m. Suppose 4*v = 5*q + 35, -4*v + m*q = -v - 30. Suppose -7 = -d + v. What is the remainder when 35 is divided by d?
11
Suppose -9*i = -6*i - 6. Let m(w) = 6*w**2. What is the remainder when m(1) is divided by i?
0
Let k(u) = u**2 + 10*u + 17. Let y be k(-7). Let s(o) = 2*o**2 + 4*o. Calculate the remainder when 47 is divided by s(y).
15
Suppose -3*l + 65 = 2*l. Calculate the remainder when 29 is divided by l + (0 - 2)/(-1).
14
Suppose 58 = t - 22. Suppose 0*w = -w - 4, 5*w + t = 5*d. Calculate the remainder when 34 is divided by d.
10
Suppose 0 = -2*c + 3 + 1. Let n = c - -1. What is the remainder when 4 is divided by n?
1
Suppose 4*i - 48 = -5*k + 5, -4*i + 44 = -4*k. Let p be 87 + 0 + -2 + 2. Suppose p = 5*w - 83. Calculate the remainder when w is divided by i.
10
Let r(g) = 2*g**2 + g - 3. Let z be r(-5). Suppose w + z = 4*w. Let u = 26 + -18. What is the remainder when w is divided by u?
6
Let m = 45 - 34. Calculate the remainder when 32 is divided by m.
10
Let y(n) = 8*n - 5. Suppose -8*i = -3*i - 10. Let f(d) = -2*d**3 - 7*d**2 - 3*d + 4. Calculate the remainder when f(-4) is divided by y(i).
10
Let k = 104 - 84. Calculate the remainder when 30 is divided by k.
10
Let x = -28 - -45. Let g = 38 - -29. What is the remainder when g is divided by x?
16
Suppose 0 = 5*c - 120 + 65. What is the remainder when 53 is divided by c?
9
Suppose 24 = -2*k + 6*k. Let f(m) = 1 + 0*m - 3*m**2 + k*m**2 + 4*m - m. What is the remainder when f(-3) is divided by 7?
5
Suppose r = -r + 8. Let w be ((-6)/9)/((-1)/3). Suppose 5*k - w*t - 72 = -0*k, -r*k + 53 = 3*t. What is the remainder when k is divided by 5?
4
Let y(p) = -p + 1. Let c = -32 + 63. Let o = -19 + c. What is the remainder when o is divided by y(-6)?
5
Suppose 5*v = 0, -184 = -3*k - k - 5*v. Let u(f) = f + 8. Calculate the remainder when k is divided by u(4).
10
Calculate the remainder when 53 is divided by (18 - 5) + (-1)/(-1).
11
Let p = -25 + 34. Calculate the remainder when p is divided by (-10)/(-2) + (-3 - -1).
0
Let g(b) = b**3 + 8*b**2 + 6*b - 6. Let i = -5 - -8. What is the remainder when g(-5) is divided by i/(-2)*20/(-3)?
9
Let m(l) = -l**3 - l + 19. What is the remainder when m(0) is divided by 11?
8
Let h(w) = -6*w - 3. Let y(c) = -c**2 + 5*c - 2. Let u be y(5). What is the remainder when 24 is divided by h(u)?
6
Suppose 3*c - 99 = -3*l, 4*c - 3*l = l + 156. Suppose -3*n + 3*q + c = 0, -n - 31 = -4*n + 4*q. What is the remainder when (-1 + -5)*16/(-3) is divided by n?
15
Suppose -t = -8 - 59. What is the remainder when t is divided by 17?
16
Suppose g - 25 = -4*i, -i - i + 5*g = -7. Let r be (9/2)/(i/16). Calculate the remainder when 57 is divided by (-5)/30 + 242/r.
17
Suppose 2*k = -k + 75. Calculate the remainder when k is divided by 9.
7
Suppose -5 = -m, 0*m - 42 = -v + 5*m. Suppose -5*d - v = -3*u, -5*u + 2*d = -132 + 33. What is the remainder when (-182)/(-5) - 6/15 is divided by u?
17
Suppose -6 = -4*m + 2*z, m + 2*m = 4*z + 12. Suppose 3*u = -m*u + 6. Let o(i) = -i**3 + 7*i**2 - 7*i + 8. What is the remainder when u is divided by o(6)?
0
Let l(g) = -g**2 + g - 35. Let b be l(0). Let z = 52 + b. What is the remainder when 48 is divided by z?
14
Suppose 0 = 3*v - 5*v + w + 71, -110 = -3*v - 2*w. Calculate the remainder when 179 is divided by v.
35
Suppose -m - 4*m + 2*s + 26 = 0, 4*m - 34 = -5*s. Let q(g) = 7*g + 4. What is the remainder when q(m) is divided by 12?
10
Let s = 32 + -30. What is the remainder when 6 is divided by s?
0
Suppose 3*f = -4 + 166. Calculate the remainder when f + 1/2*4 is divided by 19.
18
Suppose 5*u = -2*n + 99, 2*u - 2*n = -21 + 55. What is the remainder when 74 is divided by u?
17
Let a = 111 - 84. What is the remainder when 70 is divided by a?
16
Let a = 18 - 15. What is the remainder when 5 is divided by a?
2
Let r(b) = 6*b**2 + 4*b - 5. What is the remainder when r(-7) is divided by 44?
41
Let o be 1*(-3 + 9)/2. Suppose -300 = -0*i + 4*i - 4*v, 0 = -o*i - 4*v - 246. Let p = i + 112. Calculate the remainder when p is divided by 18.
16
Let a = 6 + -2. Let y(n) = n**2 - 2*n + 5. Calculate the remainder when 24 is divided by y(a).
11
Let b(j) = 12*j**3 + 2*j**2. Let h be b(-2). Let v = 139 + h. What is the remainder when v is divided by 13?
12
Let m = 6 + 1. Suppose -3*x = -z, 0 = -2*z - 2*x + x - 7. Calculate the remainder when -15*2/z - -2 is divided by m.
5
Let o be (0/2 - 1)*-1. Let h = o + 6. Calculate the remainder when 12 is divided by h.
5
Let d be 14 + (2 - 2)/(-2). Suppose 4*i - d = 102. Suppose 3*x = 5*x - 30. What is the remainder when i is divided by x?
14
Suppose -1 = 2*v + 5*s, v - 3 - 3 = 4*s. Suppose 2*c = -v*c + 148. Let b = c - 12. What is the remainder when b is divided by 9?
7
Suppose 2*l - b - 4 = 4, 5*b = 5*l - 20. Suppose 25 + 1 = 2*y. What is the remainder when y is divided by l?
1
Let t be ((-6)/(-18))/((-1)/(-9)). Suppose -22 = -t*w + 4*h, -5*w + 10*w - 18 = 2*h. What is the remainder when 6 is divided by w?
0
Suppose -5*q = d - q + 9, 0 = 4*d + 3*q + 10. Let t = d + 34. Calculate the remainder when t is divided by 18.
15
Suppose -13 + 3 = -5*l. Calculate the remainder when 14 is divided by 2/4 + 7/l.
2
Let q(m) = -4*m**2 - 3*m + 2. Let o be q(3). Let y = -7 - o. Calculate the remainder when y is divided by 19.
17
Let t = -26 + 120. Calculate the remainder when t is divided by 48.
46
Suppose 3*w = 2*q + 2*q - 15, -1 = w. Suppose -l = -0*l - 3*j - 14, 5*l - 90 = 5*j. Calculate the remainder when l is divided by 3/q*-1 + 8.
6
Let l